2118?
-22122
In base 16, what is -174a + -1e0?
-192a
In base 15, what is -14 - 105e3?
-10607
In base 3, what is -1000121 + 201?
-222220
In base 8, what is 2 + -120646?
-120644
In base 12, what is 11 - 57b67?
-57b56
In base 2, what is -1010000000101101111011 - 1?
-1010000000101101111100
In base 7, what is -42 + -30512?
-30554
In base 12, what is -5 - 28179?
-28182
In base 6, what is -444013 + -4?
-444021
In base 3, what is -1002 - -1201022010?
1201021001
In base 13, what is 326 + -9a?
259
In base 8, what is 127104 + 10?
127114
In base 5, what is 10 + 31330?
31340
In base 11, what is -69 + 755?
697
In base 11, what is -10 + 110188?
110178
In base 5, what is 113242 - -24?
113321
In base 5, what is -10430413 + -1?
-10430414
In base 2, what is -1001101011010 - -1011010?
-1001100000000
In base 6, what is 23535 + 1545?
25524
In base 14, what is -5a0 + 0?
-5a0
In base 10, what is -77762 + -3?
-77765
In base 2, what is -11 + -101011001011110?
-101011001100001
In base 12, what is -375 - 9?
-382
In base 10, what is 3028 - 4?
3024
In base 9, what is -1 - 344237?
-344238
In base 16, what is -6 + 1d2d?
1d27
In base 10, what is 143 - -3708?
3851
In base 4, what is -11 - -2112210?
2112133
In base 6, what is -5 - -504521?
504512
In base 16, what is -3 - 1cf5d?
-1cf60
In base 11, what is 11 + -642?
-631
In base 9, what is 567 - 6536?
-5858
In base 9, what is -124 - 43?
-167
In base 2, what is -10 + -111000001000111000?
-111000001000111010
In base 4, what is -332 - 3102?
-10100
In base 6, what is 221 + 4525?
5150
In base 15, what is c7 + -38da?
-3813
In base 15, what is -1db719 + -1?
-1db71a
In base 11, what is -98 - -1?
-97
In base 7, what is 2361 - 5?
2353
In base 8, what is -3 - -2447?
2444
In base 8, what is 132500 + -1?
132477
In base 11, what is -16644 - 9?
-16652
In base 14, what is 5 - -65737?
6573c
In base 3, what is 0 + -122100100202?
-122100100202
In base 4, what is -23 - 22211023?
-22211112
In base 7, what is 4 - 552300?
-552263
In base 12, what is 13469 + 4?
13471
In base 8, what is 67 + -603?
-514
In base 6, what is 25 + 10541?
11010
In base 10, what is -3 - 17875?
-17878
In base 10, what is 2214 + 6?
2220
In base 6, what is 201 - 54353?
-54152
In base 7, what is -3135642 + 5?
-3135634
In base 8, what is 260 + -350?
-70
In base 2, what is 1000100110100011100 + 0?
1000100110100011100
In base 13, what is -4 + 40774?
40770
In base 8, what is 2724 + -102?
2622
In base 7, what is -255 - 514?
-1102
In base 8, what is 0 - 2103?
-2103
In base 11, what is 14 - a34?
-a20
In base 15, what is 13 + 5044?
5057
In base 5, what is 13 + -2013314?
-2013301
In base 14, what is -ad7 + 57?
-a80
In base 12, what is 101 + 12a?
22b
In base 14, what is 5 - 263b?
-2636
In base 9, what is 431 + 13?
444
In base 6, what is 545 + -3510?
-2521
In base 6, what is 214 + 352?
1010
In base 2, what is -11100111011110 + 10?
-11100111011100
In base 4, what is 3 - -1111012?
1111021
In base 7, what is 142 + 364?
536
In base 16, what is -476 - 0?
-476
In base 11, what is 150 - -1129?
1279
In base 12, what is 7275 - -3?
7278
In base 6, what is -2533 + 1234?
-1255
In base 11, what is -2 + -13447?
-13449
In base 16, what is -4125 + 1c?
-4109
In base 12, what is -34160 - -1?
-3415b
In base 5, what is 1031 + 111013?
112044
In base 14, what is 12a0 + 2d2?
1592
In base 14, what is 26dd8 + 17?
27011
In base 16, what is 1984 + 3?
1987
In base 10, what is -6107456 - -2?
-6107454
In base 6, what is 335 - 4213?
-3434
In base 8, what is -143233 - -7?
-143224
In base 5, what is -43 - 411243?
-411341
In base 8, what is 7 + -4772?
-4763
In base 15, what is 4 + -51bb?
-51b7
In base 3, what is 1010 - 112001?
-110221
In base 5, what is -210 - 304323?
-310033
In base 11, what is 15 - -1899?
1903
In base 11, what is -105 - 94?
-199
In base 4, what is 11 + 1110020?
1110031
In base 12, what is -1 + -18779?
-1877a
In base 2, what is -110 + -110100101011111?
-110100101100101
In base 14, what is -11 + 55a?
549
In base 3, what is 2 - -1221020211?
1221020220
In base 14, what is 4 + -16991?
-1698b
In base 13, what is 875aa2 + 0?
875aa2
In base 16, what is -52aa - 2?
-52ac
In base 14, what is -443 - 2?
-445
In base 4, what is 1 - -101223?
101230
In base 16, what is cc0 + 2?
cc2
In base 10, what is -6058 + 6?
-6052
In base 13, what is -3 + -1764a?
-17650
In base 14, what is -2cdb + 6?
-2cd5
In base 8, what is -4 - 575054?
-575060
In base 3, what is -1 + 20022120?
20022112
In base 10, what is -5 + 627?
622
In base 9, what is -742 + -125?
-867
In base 6, what is 12433542 + -5?
12433533
In base 8, what is 60 + 1154?
1234
In base 12, what is 1a166 - 4?
1a162
In base 15, what is 3a84 - 7?
3a7c
In base 10, what is -5603 - -5?
-5598
In base 3, what is 10 + 10001210201220?
10001210202000
In base 12, what is -190a01 - 4?
-190a05
In base 4, what is 222311 - 23102?
133203
In base 6, what is 512225 + 0?
512225
In base 14, what is -236cd + 2?
-236cb
In base 9, what is -66 + -55226?
-55303
In base 16, what is -dc1 - 13?
-dd4
In base 3, what is 22122 - -100111?
200010
In base 7, what is 403516 - 14?
403502
In base 4, what is 121310 - -23?
121333
In base 4, what is -2102211032 + 1?
-2102211031
In base 13, what is -1 + 11b5a2?
11b5a1
In base 6, what is -245 + -13415?
-14104
In base 12, what is 3b7 + -2a16?
-261b
In base 3, what is -10 + -112001000012?
-112001000022
In base 2, what is -11010001001100 + 0?
-11010001001100
In base 5, what is 33240100 - 4?
33240041
In base 3, what is -10102120021221 - -10?
-10102120021211
In base 10, what is 122753 + -5?
122748
In base 12, what is 2a01 + 48?
2a49
In base 4, what is 10020322 + -331?
10013331
In base 10, what is 529 - 1170?
-641
In base 12, what is -22696 + -7?
-226a1
In base 13, what is 0 - 677c?
-677c
In base 16, what is 5688 + -3?
5685
In base 14, what is -71cdd + -1?
-71d00
In base 11, what is -15a3aa + 5?
-15a3a5
In base 12, what is -a1 + -106?
-1a7
In base 4, what is -132032323 + -10?
-132032333
In base 7, what is -5 - -1421233?
1421225
In base 11, what is 50 - 605?
-565
In base 11, what is -3 - 17915?
-17918
In base 5, what is -13 + -3112001?
-3112014
In base 8, what is -1632 + -100?
-1732
In base 2, what is -1111000110011 + 10?
-1111000110001
In base 4, what is 31303 - -1033?
33002
In base 5, what is -4223 + 13243?
4020
In base 4, what is 11 + 1132022?
1132033
In base 14, what is -4a9630 - 1?
-4a9631
In base 15, what is -236 - 3ec?
-633
In base 9, what is -137310 - -2?
-137307
In base 6, what is 145 - -3043?
3232
In base 7, what is 110 - -1655?
2065
In base 6, what is -54 + 25342?
25244
In base 6, what is 402 - 1451?
-1045
In base 8, what is -54103 - -36?
-54045
In base 9, what is 5818 + -211?
5607
In base 3, what is -12 + 100022000?
100021211
In base 11, what is -1 + 381781?
381780
In base 8, what is -6 - 71?
-77
In base 3, what is -201212012021 - 0?
-201212012021
In base 16, what is 12dd + -c?
12d1
In base 11, what is -831a + -5?
-8324
In base 8, what is 37542 - 22?
37520
In base 12, what is -12 + -5a48?
-5a5a
In base 7, what is 16 - -2264?
2313
In base 13, what is -654 + -18?
-66c
In base 16, what is -1 + 582e8?
582e7
In base 9, what is -17352 - -41?
-17311
In base 12, what is -545 - -43?
-502
In base 6, what is -3132 - -14300?
11124
In base 7, what is 100545314 + 1?
100545315
In base 7, what is -225100 - -30?
-225040
In base 11, what is 5 - -65706?
65710
In base 10, what is -613497 + 5?
-613492
In base 9, what is 57426 - 1?
57425
In base 10, what is 0 + 7053?
7053
In base 7, what is -115134 + 21?
-115113
In base 12, what is -1663 - 268?
-190b
In base 3, what is -2001112112 - 1200?
-2001121012
In base 3, what is 0 - 22001001022?
-22001001022
In base 5, what is -140333 - -3?
-140330
In base 10, what is -5 + 1397?
1392
In base 9, what is 2 + -13303?
-13301
In base 10, what is -49 - -1393?
1344
In base 3, what is -10002 + -100201?
-110210
In base 7, what is 12 - -23?
35
In base 14, what is -a0b4 + -c8?
-a19c
In base 10, what is -9198 - 252?
-9450
In base 6, what is -41251 - 3?
-41254
In base 16, what is 1d4bc - 4?
1d4b8
In base 16, what is 13 + 507e?
5091
In base 11, what is 410 - -30a1?
3501
In base 6, what is -53022055 + 5?
-53022050
In base 2, what is 11011101111101 - 1001000?
11011100110101
In base 3, what is -2 + -201201122?
-201201201
In base 7, what is -11310 + -511?
-121